 o(n) + 5*p(n). Determine b(10).
0
Let m = -11466 - -11464. Let a(v) = 2*v**3 - 8*v**2 - 14*v - 2. Determine a(m).
-22
Suppose 4*k - 3*i + 6 = -18, 0 = -5*k - 5*i + 5. Let w(d) = -d**2 - 3*d + 2. Let g be w(k). Let t(r) = -2*r - 31*r**g + 25*r**2 + 4 - 2*r - r**3. Give t(-5).
-1
Let o be ((11 - 4) + 91/(-14))*-2. Let n(r) = 44*r + 48. Calculate n(o).
4
Let j(v) be the third derivative of 30*v**2 + 0 - 1/12*v**4 - 1/2*v**3 + 0*v. Suppose -f - 4 = 5*r + 2*f, 4*r + 14 = 3*f. Determine j(r).
1
Let y(m) = -3 + 13*m**2 + 18394*m**3 - 9199*m**3 - 1 + 7*m - 9196*m**3. Give y(13).
87
Let p(j) = -j**3 + 20*j**2 - j + 17. Let i(l) = -50*l - 830. Let n be i(-17). Calculate p(n).
-3
Let a(i) = -i**2 - 12*i + 117. Let d = 9371 + -9365. What is a(d)?
9
Let p(a) = -a**2 - 6*a + 28. Let b = -2184 - -2187. Determine p(b).
1
Let x(o) = 3*o + o**3 + 58 + 25 - 6*o**2 - 89. Suppose -13 = -2*q + 4*f - f, -17 = -3*q + 2*f. Suppose -q = 2*k - 17. Calculate x(k).
12
Let x(h) = -h**3 + 11*h**2 - 22*h + 5. Let t = -468 + 476. Calculate x(t).
21
Suppose 429 - 280 = -27*l + 230. Let z(u) = 5*u**3 - 10*u**2 + 21*u - 10. Let n(p) = p**3 - 2*p**2 + 4*p - 2. Let b(v) = 11*n(v) - 2*z(v). What is b(l)?
13
Let d(r) = -r - 2. Suppose 12*c + 3306 + 1902 = 0. Let z = c - -426. What is d(z)?
6
Let l be 2/7 - (-23)/(-7). Let q = l + 8. Let d(m) = 6 - 9*m + 25*m - 14*m - 21*m + 18*m. Determine d(q).
1
Let z be (0 - -6)*(-13)/(-26). Suppose -z*f + 3*q = 2*q - 23, 3*f + 2*q = 8. Let c(p) = 3 + 5*p + 5 - 6*p - f. Calculate c(4).
-2
Let p(o) = 2*o**3 - 22*o**2 + 17*o - 10. Let j(s) = 6*s**3 - 50*s**2 + 35*s - 20. Let c(x) = 2*j(x) - 5*p(x). What is c(-6)?
28
Let w(n) = n**3 + 7*n**2 + n + 7. Suppose 13 - 37 = -12*o. Suppose o*v = -v - 27. Let h(q) = q**3 + 9*q**2 + 4*q + 29. Let r be h(v). Determine w(r).
0
Let t(d) = -17*d**2 - 16*d + 4. Let k(y) = 75*y**2 + 70*y - 17. Let c(o) = 2*k(o) + 9*t(o). Give c(0).
2
Let v(b) = -b**3 - 6*b**2 - 2*b - 3. Let s(o) be the first derivative of o**3/3 - 9*o**2 - 6*o + 71. Let m be s(18). Determine v(m).
9
Suppose 8 = 382*n - 390*n. Let h(m) = m**2 - 1. Let o(w) = 24*w**2 + 2. Let v(c) = 3*h(c) + o(c). Give v(n).
26
Let c be (6/(-2 - -4))/(-1). Let t(g) = 926 + 4*g**2 - g**3 - 4*g**2 + 2*g - 1846 + 922. Give t(c).
23
Let s(g) be the third derivative of -g**4/8 - 8*g**3/3 + 5*g**2. Let y be 8/(-48)*2 - ((-11)/(-3) + 1). Calculate s(y).
-1
Let k(l) = 2*l**2 - 77*l - 41. Let h be k(39). Let y be (-20)/(0 + -4) + -3. Let m(z) = 1 + 2*z**2 - 12*z**2 + 8*z**y. What is m(h)?
-7
Let x be (-30609)/(-266) - (-3)/(-42). Let i(r) = 121*r + 5 - 361*r + r**2 + x*r + 118*r. Determine i(5).
-5
Let f(m) = 2*m + 24. Suppose -z - b + 32 = 0, 3*z - 88 = b - 2*b. Suppose -z*p + 14*p = 98. Determine f(p).
10
Let d(s) be the second derivative of -s**5/10 - s**4/12 - s**3/6 - s. Suppose 0 = -3*a - 218 + 236. Suppose -a + 22 = -16*i. What is d(i)?
2
Let r = 5 + 8. Suppose -14 = -r*x + 25. Let w(u) = u**3 + 7*u + 2*u**2 - 2*u**3 + 0*u - x*u. Calculate w(3).
3
Let h(d) = -17*d**2 + 4*d - 9. Let y(o) = -6*o**2 + 2*o - 1. Let f(v) = h(v) - 3*y(v). Let l = 26 - 22. Give f(l).
2
Let f(q) = -7*q + 74. Let i be -30 + (-17864)/(-594) + (-536)/(-54). Determine f(i).
4
Suppose 15 - 3 = 2*i. Let s(x) = -6*x**3 - 4*x - 147*x**2 - 146*x**2 - 148*x**2 + 448*x**2 + 5*x**3 - 6. What is s(i)?
6
Suppose -3*j - 3 = 2*f, 3*j = -110*f + 112*f - 3. Let b(l) = -13*l**3 - 2*l**2 - 3*l - 3. Calculate b(j).
11
Let h = 69 + -258. Let v = h + 195. Let p(q) = -5*q**3 - 6*q**2 - 6*q + 1. Let d(y) = 4*y**3 + 6*y**2 + 5*y. Let b(k) = 6*d(k) + 5*p(k). Calculate b(v).
5
Let b(m) be the second derivative of m**5/20 + 7*m**4/12 + 7*m**3/6 - 11*m**2/2 - 2211*m. What is b(-4)?
9
Let j(i) = 18*i**2 - i - 1. Suppose 4*k = -0*k, 0 = -3*b - 4*k + 1467. Let w = -490 + b. Give j(w).
18
Let o(w) = -w**3 + 9*w**2 + 4*w + 28. Let y = -32352 - -32360. What is o(y)?
124
Let c(t) = -4*t**2 + t - 2. Let y = 29 + -27. Let g be 5 - (0 + -3)/((-2)/y). Suppose g*f - 3*j + 2 = 10, 2*f + 3*j = -16. Give c(f).
-20
Let i(b) be the third derivative of b**6/120 + b**5/10 - 2*b**4/3 - 3*b**3 - 20*b**2 - 11. Give i(-8).
-18
Let a = 4 + 2. Let p(r) = -1 + 13*r**3 + a*r - r + r**2 - 11*r**3. Let j(h) = h**3 + 2*h. Let t(g) = 13*j(g) - 6*p(g). Determine t(7).
27
Suppose 69*g = -4*n + 74*g + 84, 24 = -3*g. Let s(t) be the third derivative of t**5/60 - 11*t**4/24 - 5*t**3/3 - t**2. Determine s(n).
-10
Let p(w) = w**2 + 19*w + 42. Let f(k) = 1183*k - 1197. Let g be f(1). What is p(g)?
-28
Let d(a) = a**2 + 16*a - 19. Suppose 57*z = -560 - 409. Give d(z).
-2
Let g(s) be the second derivative of -s**4/6 - 2*s**3/3 + s**2/2 - 227940*s. Let w = -3 - -11. Suppose 3*d + w = d. Determine g(d).
-15
Let t(p) = 73 - 11 - 5*p + 3*p - 11. Determine t(-22).
95
Suppose 4*i = 5*u + 5, -5*u + 23*i = 18*i + 10. Let g = 21 - 14. Let w(d) = g*d**2 - 9*d**2 + d**2 + u*d + 3*d. Give w(6).
0
Let q(v) = 10*v + 15 - 17*v**2 + 13*v**2 - 9 - 4 + 3*v**2. Calculate q(9).
11
Suppose -s - 3*z - 12 = 0, 4*s - 2*z - 31 = -9. Let g(l) = 4 - 4*l + 8*l + 18*l**s - 6*l**2 - 19*l**3. Calculate g(-7).
25
Let t = -513 - -524. Let p(w) = 3*w + 21. What is p(t)?
54
Let n(w) be the second derivative of w**4/12 + 7*w**3/6 - 9*w**2/2 - w + 12. Let k be (-3)/2 + (-340)/40. What is n(k)?
21
Suppose 0 = -3*g - 3*g + 12. Let q(p) = g - 3 - 2*p - p**2 - 6*p**2 + 3*p. Give q(1).
-7
Let o(z) = -z**3 - 7*z**2 + 6*z - 12. Let i be ((-8)/(-5))/(63/(-15) + 4). Let y be o(i). Let j(d) = 1 - 17 + y*d + 3 - d**2 + 8. What is j(4)?
-5
Let g(i) be the first derivative of -i**3/3 - 9*i**2/2 + 15*i + 5855. What is g(-5)?
35
Let g(a) be the second derivative of -7*a**3/6 + 3*a**2 + 2420*a. Suppose -m + 3*c + 19 = 0, -m - 6*c = -2*c + 9. What is g(m)?
-43
Let n = -176 + 178. Suppose -n*i = 2*r - 4, 11*r - 8*r - 15 = 0. Let u(w) = 2*w**3 + 6*w**2 - w. Give u(i).
3
Let y(l) = 3*l + 60. Let t be y(-19). Suppose -2*a + 5*f + 2793 = 0, a + t*f + 4167 = 4*a. Let p(c) = -a*c + 3 - c**3 - 6*c**2 + 1 + 1391*c. What is p(-7)?
4
Let r(p) = p**3 + 7*p**2 - 8*p - 8. Let z(o) = o**2 - o + 1. Let m be z(0). Let t be (64/12)/m*9/(-6). Determine r(t).
-8
Let d(g) = -3*g**3 + 21*g**2 + 35*g + 7. Let w(v) = -v**3 + 8*v**2 + 12*v + 3. Let j(k) = -2*d(k) + 7*w(k). Determine j(15).
-8
Let i be (-50)/(-4)*24/15. Let h = 31 - i. Let k(v) = -h*v**3 + 6*v**3 + 6*v**3 + 3 - 5*v**2 + 3*v. Determine k(3).
-6
Let b(x) = -x**2 + 2*x + 1. Let p = 715 + -709. What is b(p)?
-23
Suppose -27 = 2*t - 5*x, -15*x + 20*x - 21 = -4*t. Let d(q) = 2*q**2 + q + 1. Let o(p) = -9*p**2 - 10*p - 5. Let a(b) = t*o(b) - 5*d(b). Determine a(5).
0
Let h(v) = 2*v**2 - 4*v - 4. Let z be h(4). Suppose i - z = 5*i. Let a be i/((-3)/(-4))*(-6)/24. Let w(n) = -10*n**3 - n**2 + 2*n - 1. What is w(a)?
-10
Let j(r) = r**2 - 9*r + 7. Let n = -12 + 19. Let z(x) = 4*x - x**2 + 0*x**2 - 8 + 18*x + x - 2*x**2. Let a be z(n). What is j(a)?
-11
Let a = -93764 - -93760. Let z(k) be the first derivative of -k**2 + k + 1. Calculate z(a).
9
Let l(v) be the third derivative of -2*v**4/3 - 17*v**3/6 - 976*v**2. What is l(-1)?
-1
Let i = 1383 + -2158. Let w = i - -770. Let a(s) = 2*s**2 + 5*s - 5. What is a(w)?
20
Let m(g) = -44*g. Let n(p) = 129*p + 6. Let i(y) = 3*m(y) + n(y). Give i(3).
-3
Let l(m) be the first derivative of -32 + 1/3*m**3 - 4*m + 7/2*m**2. Determine l(-7).
-4
Let n(d) = -6*d + 6. Let w be n(-13). Suppose 0 = -r + 4*r + w. Let x = r + 23. Let t(b) = -b**2 - 6*b - 7. Determine t(x).
-2
Let z = -1046 + 1054. Let u(q) be the second derivative of -q**4/12 + 5*q**3/6 + 5*q**2/2 - 41*q. Determine u(z).
-19
Let q(w) be the first derivative of 23 - 1/60*w**5 + 0*w - 2/3*w**3 - 5/24*w**4 + 21/2*w**2. Let r(p) be the second derivative of q(p). Give r(-4).
0
Let d(y) = -2*y**2 - 14*y + 1. Let r be (-27)/36 + 55/4. Suppose -2*v - 24 = 2*v + h, v + 5*h - r = 0. Let x be d(v). Let w(g) = -g**3. What is w(x)?
-1
Let r(j) = j**3 + 24*j**2 + 73*j + 201. Let i be r(-21). Let y(o) be the third derivative of o**6/120 + o**5/6 + o**4/4 - 3*o**3/2 + o**2. Calculate y(i).
18
Let c(q) be the first derivative of -q**2 - q - 29. Let b(u) = 6*u + 1. Let v(g) = 4*b(g) + 10*c(g). Suppose 4*y = -y + 30. Determine v(y).
18
Let f(k) = 1 + 10*k**3 + 11*k**3 - 21*k**3 + 7 + 6 - 9*k - k**3 - 